{"id":690,"date":"2021-07-05T12:30:00","date_gmt":"2021-07-05T12:30:00","guid":{"rendered":"https:\/\/new.kodaly-muveszeti-fesztival.hu\/?page_id=690"},"modified":"2026-04-13T11:58:44","modified_gmt":"2026-04-13T11:58:44","slug":"archivum","status":"publish","type":"page","link":"https:\/\/kodaly-muveszeti-fesztival.hu\/?page_id=690","title":{"rendered":"ARCH\u00cdVUM"},"content":{"rendered":"\t\t<div data-elementor-type=\"wp-page\" data-elementor-id=\"690\" class=\"elementor elementor-690\">\n\t\t\t\t\t\t<section class=\"elementor-section elementor-top-section elementor-element elementor-element-2a30210 elementor-section-boxed elementor-section-height-default elementor-section-height-default\" data-id=\"2a30210\" data-element_type=\"section\">\n\t\t\t\t\t\t<div class=\"elementor-container elementor-column-gap-default\">\n\t\t\t\t\t<div class=\"elementor-column elementor-col-100 elementor-top-column elementor-element elementor-element-0c4d1c6\" data-id=\"0c4d1c6\" data-element_type=\"column\">\n\t\t\t<div class=\"elementor-widget-wrap elementor-element-populated\">\n\t\t\t\t\t\t<div class=\"elementor-element elementor-element-9261973 elementor-widget elementor-widget-text-editor\" data-id=\"9261973\" data-element_type=\"widget\" data-widget_type=\"text-editor.default\">\n\t\t\t\t<div class=\"elementor-widget-container\">\n\t\t\t\t\t\t\t\t\t<p><span style=\"color: #333333;\">Az 1970-es els\u0151 Kod\u00e1ly Szemin\u00e1rium \u00f3ta minden ny\u00e1ri tanfolyammal p\u00e1rhuzamosan hangversenyeket rendeztek. A hangversenyek sora 1978-ban sorozatt\u00e1 b\u0151v\u00fclt. A hangversenysorozat 1986 \u00f3ta viseli a Fesztiv\u00e1l nevet.<\/span><\/p>\n<p><span style=\"color: #333333;\">A Kod\u00e1ly M\u0171v\u00e9szeti Fesztiv\u00e1l keret\u00e9ben a magyar \u00e9s nemzetk\u00f6zi zenei \u00e9lvonal \u00e9s a kecskem\u00e9ti m\u0171v\u00e9szeti \u00e9let legkiv\u00e1l\u00f3bbjaival tal\u00e1lkozhatnak azok, akik maradand\u00f3 \u00e9lm\u00e9nyt ny\u00fajt\u00f3 sz\u00f3rakoz\u00e1sra v\u00e1gynak a ny\u00e1r k\u00f6zep\u00e9n.<\/span><\/p>\t\t\t\t\t\t\t\t<\/div>\n\t\t\t\t<\/div>\n\t\t\t\t<div class=\"elementor-element elementor-element-f315941 elementor-widget elementor-widget-image\" data-id=\"f315941\" data-element_type=\"widget\" data-widget_type=\"image.default\">\n\t\t\t\t<div class=\"elementor-widget-container\">\n\t\t\t\t\t\t\t\t\t\t\t\t\t\t\t\t<a href=\"https:\/\/kodaly-muveszeti-fesztival.hu\/wp-content\/uploads\/2026\/04\/Szakmai_beszamolo_Kodaly_Fesztival_2025.docx\">\n\t\t\t\t\t\t\t<img fetchpriority=\"high\" decoding=\"async\" width=\"960\" height=\"368\" src=\"https:\/\/kodaly-muveszeti-fesztival.hu\/wp-content\/uploads\/2025\/07\/cropped-K25_WEB_image_1300x500_-1024x393.jpg\" class=\"attachment-large size-large wp-image-4413\" alt=\"\" srcset=\"https:\/\/kodaly-muveszeti-fesztival.hu\/wp-content\/uploads\/2025\/07\/cropped-K25_WEB_image_1300x500_-1024x393.jpg 1024w, https:\/\/kodaly-muveszeti-fesztival.hu\/wp-content\/uploads\/2025\/07\/cropped-K25_WEB_image_1300x500_-300x115.jpg 300w, https:\/\/kodaly-muveszeti-fesztival.hu\/wp-content\/uploads\/2025\/07\/cropped-K25_WEB_image_1300x500_-768x295.jpg 768w, https:\/\/kodaly-muveszeti-fesztival.hu\/wp-content\/uploads\/2025\/07\/cropped-K25_WEB_image_1300x500_-1140x438.jpg 1140w, https:\/\/kodaly-muveszeti-fesztival.hu\/wp-content\/uploads\/2025\/07\/cropped-K25_WEB_image_1300x500_.jpg 1500w\" sizes=\"(max-width: 960px) 100vw, 960px\" \/>\t\t\t\t\t\t\t\t<\/a>\n\t\t\t\t\t\t\t\t\t\t\t\t\t\t\t<\/div>\n\t\t\t\t<\/div>\n\t\t\t\t<div class=\"elementor-element elementor-element-d2c0fd3 elementor-widget elementor-widget-image\" data-id=\"d2c0fd3\" data-element_type=\"widget\" data-widget_type=\"image.default\">\n\t\t\t\t<div class=\"elementor-widget-container\">\n\t\t\t\t\t\t\t\t\t\t\t\t\t\t\t\t<a href=\"https:\/\/kodaly-muveszeti-fesztival.hu\/wp-content\/uploads\/2026\/04\/Szakmai_beszamolo_Kodaly_Fesztival_2024.docx\">\n\t\t\t\t\t\t\t<img decoding=\"async\" width=\"960\" height=\"368\" src=\"https:\/\/kodaly-muveszeti-fesztival.hu\/wp-content\/uploads\/2024\/06\/cropped-K_24__1300x500_WIDE-1-1024x393.jpg\" class=\"attachment-large size-large wp-image-3449\" alt=\"\" srcset=\"https:\/\/kodaly-muveszeti-fesztival.hu\/wp-content\/uploads\/2024\/06\/cropped-K_24__1300x500_WIDE-1-1024x393.jpg 1024w, https:\/\/kodaly-muveszeti-fesztival.hu\/wp-content\/uploads\/2024\/06\/cropped-K_24__1300x500_WIDE-1-300x115.jpg 300w, https:\/\/kodaly-muveszeti-fesztival.hu\/wp-content\/uploads\/2024\/06\/cropped-K_24__1300x500_WIDE-1-768x295.jpg 768w, https:\/\/kodaly-muveszeti-fesztival.hu\/wp-content\/uploads\/2024\/06\/cropped-K_24__1300x500_WIDE-1-1140x438.jpg 1140w, https:\/\/kodaly-muveszeti-fesztival.hu\/wp-content\/uploads\/2024\/06\/cropped-K_24__1300x500_WIDE-1.jpg 1500w\" sizes=\"(max-width: 960px) 100vw, 960px\" \/>\t\t\t\t\t\t\t\t<\/a>\n\t\t\t\t\t\t\t\t\t\t\t\t\t\t\t<\/div>\n\t\t\t\t<\/div>\n\t\t\t\t<div class=\"elementor-element elementor-element-dc51598 elementor-widget elementor-widget-image\" data-id=\"dc51598\" data-element_type=\"widget\" data-widget_type=\"image.default\">\n\t\t\t\t<div class=\"elementor-widget-container\">\n\t\t\t\t\t\t\t\t\t\t\t\t\t\t\t\t<a href=\"https:\/\/kodaly-muveszeti-fesztival.hu\/wp-content\/uploads\/2023\/09\/Kodaly-Nemzetkozi-Muveszeti-Fesztival-2023-Szakmai-Beszamolo.pdf\">\n\t\t\t\t\t\t\t<img decoding=\"async\" width=\"960\" height=\"279\" src=\"https:\/\/kodaly-muveszeti-fesztival.hu\/wp-content\/uploads\/2023\/09\/kodaly_2023_szakmaibeszamolo_kep-1024x298.png\" class=\"attachment-large size-large wp-image-3434\" alt=\"\" srcset=\"https:\/\/kodaly-muveszeti-fesztival.hu\/wp-content\/uploads\/2023\/09\/kodaly_2023_szakmaibeszamolo_kep-1024x298.png 1024w, https:\/\/kodaly-muveszeti-fesztival.hu\/wp-content\/uploads\/2023\/09\/kodaly_2023_szakmaibeszamolo_kep-300x87.png 300w, https:\/\/kodaly-muveszeti-fesztival.hu\/wp-content\/uploads\/2023\/09\/kodaly_2023_szakmaibeszamolo_kep-768x224.png 768w, https:\/\/kodaly-muveszeti-fesztival.hu\/wp-content\/uploads\/2023\/09\/kodaly_2023_szakmaibeszamolo_kep-1140x332.png 1140w, https:\/\/kodaly-muveszeti-fesztival.hu\/wp-content\/uploads\/2023\/09\/kodaly_2023_szakmaibeszamolo_kep.png 1496w\" sizes=\"(max-width: 960px) 100vw, 960px\" \/>\t\t\t\t\t\t\t\t<\/a>\n\t\t\t\t\t\t\t\t\t\t\t\t\t\t\t<\/div>\n\t\t\t\t<\/div>\n\t\t\t\t<div class=\"elementor-element elementor-element-fbb7f25 elementor-widget elementor-widget-image\" data-id=\"fbb7f25\" data-element_type=\"widget\" data-widget_type=\"image.default\">\n\t\t\t\t<div class=\"elementor-widget-container\">\n\t\t\t\t\t\t\t\t\t\t\t\t\t\t\t\t<a href=\"https:\/\/kodaly-muveszeti-fesztival.hu\/wp-content\/uploads\/2023\/04\/Szakmai-beszamolo-honlapra.pdf\">\n\t\t\t\t\t\t\t<img loading=\"lazy\" decoding=\"async\" width=\"960\" height=\"280\" src=\"https:\/\/kodaly-muveszeti-fesztival.hu\/wp-content\/uploads\/2023\/04\/szakmaibeszamolo_kodaly_2022-1024x299.png\" class=\"attachment-large size-large wp-image-2923\" alt=\"\" srcset=\"https:\/\/kodaly-muveszeti-fesztival.hu\/wp-content\/uploads\/2023\/04\/szakmaibeszamolo_kodaly_2022-1024x299.png 1024w, https:\/\/kodaly-muveszeti-fesztival.hu\/wp-content\/uploads\/2023\/04\/szakmaibeszamolo_kodaly_2022-300x88.png 300w, https:\/\/kodaly-muveszeti-fesztival.hu\/wp-content\/uploads\/2023\/04\/szakmaibeszamolo_kodaly_2022-768x224.png 768w, https:\/\/kodaly-muveszeti-fesztival.hu\/wp-content\/uploads\/2023\/04\/szakmaibeszamolo_kodaly_2022-1140x333.png 1140w, https:\/\/kodaly-muveszeti-fesztival.hu\/wp-content\/uploads\/2023\/04\/szakmaibeszamolo_kodaly_2022.png 1200w\" sizes=\"(max-width: 960px) 100vw, 960px\" \/>\t\t\t\t\t\t\t\t<\/a>\n\t\t\t\t\t\t\t\t\t\t\t\t\t\t\t<\/div>\n\t\t\t\t<\/div>\n\t\t\t\t<div class=\"elementor-element elementor-element-2f858a6 elementor-widget elementor-widget-image\" data-id=\"2f858a6\" data-element_type=\"widget\" data-widget_type=\"image.default\">\n\t\t\t\t<div class=\"elementor-widget-container\">\n\t\t\t\t\t\t\t\t\t\t\t\t\t\t\t\t<a href=\"https:\/\/kodaly-muveszeti-fesztival.hu\/wp-content\/uploads\/2023\/04\/Szakmai-beszamolo-honlapra.pdf\">\n\t\t\t\t\t\t\t<img loading=\"lazy\" decoding=\"async\" width=\"960\" height=\"280\" src=\"https:\/\/kodaly-muveszeti-fesztival.hu\/wp-content\/uploads\/2023\/04\/szakmaibeszamolo_kodalyfesztival-1024x299.png\" class=\"attachment-large size-large wp-image-2918\" alt=\"\" srcset=\"https:\/\/kodaly-muveszeti-fesztival.hu\/wp-content\/uploads\/2023\/04\/szakmaibeszamolo_kodalyfesztival-1024x299.png 1024w, https:\/\/kodaly-muveszeti-fesztival.hu\/wp-content\/uploads\/2023\/04\/szakmaibeszamolo_kodalyfesztival-300x88.png 300w, https:\/\/kodaly-muveszeti-fesztival.hu\/wp-content\/uploads\/2023\/04\/szakmaibeszamolo_kodalyfesztival-768x224.png 768w, https:\/\/kodaly-muveszeti-fesztival.hu\/wp-content\/uploads\/2023\/04\/szakmaibeszamolo_kodalyfesztival-1140x333.png 1140w, https:\/\/kodaly-muveszeti-fesztival.hu\/wp-content\/uploads\/2023\/04\/szakmaibeszamolo_kodalyfesztival.png 1200w\" sizes=\"(max-width: 960px) 100vw, 960px\" \/>\t\t\t\t\t\t\t\t<\/a>\n\t\t\t\t\t\t\t\t\t\t\t\t\t\t\t<\/div>\n\t\t\t\t<\/div>\n\t\t\t\t<div class=\"elementor-element elementor-element-49bf895 elementor-widget elementor-widget-spacer\" data-id=\"49bf895\" data-element_type=\"widget\" data-widget_type=\"spacer.default\">\n\t\t\t\t<div class=\"elementor-widget-container\">\n\t\t\t\t\t\t\t<div class=\"elementor-spacer\">\n\t\t\t<div class=\"elementor-spacer-inner\"><\/div>\n\t\t<\/div>\n\t\t\t\t\t\t<\/div>\n\t\t\t\t<\/div>\n\t\t\t\t<div class=\"elementor-element elementor-element-5a57463 elementor-widget elementor-widget-button\" data-id=\"5a57463\" data-element_type=\"widget\" data-widget_type=\"button.default\">\n\t\t\t\t<div class=\"elementor-widget-container\">\n\t\t\t\t\t\t\t\t\t<div class=\"elementor-button-wrapper\">\n\t\t\t\t\t<a class=\"elementor-button elementor-button-link elementor-size-sm\" href=\"https:\/\/kodaly-muveszeti-fesztival.hu\/?p=1950\">\n\t\t\t\t\t\t<span class=\"elementor-button-content-wrapper\">\n\t\t\t\t\t\t<span class=\"elementor-button-icon\">\n\t\t\t\t<i aria-hidden=\"true\" class=\"fas fa-chevron-circle-right\"><\/i>\t\t\t<\/span>\n\t\t\t\t\t\t\t\t\t<span class=\"elementor-button-text\">A 2019-es fesztiv\u00e1l r\u00e9szletes programja<\/span>\n\t\t\t\t\t<\/span>\n\t\t\t\t\t<\/a>\n\t\t\t\t<\/div>\n\t\t\t\t\t\t\t\t<\/div>\n\t\t\t\t<\/div>\n\t\t\t\t<div class=\"elementor-element elementor-element-9c3c50f elementor-widget elementor-widget-spacer\" data-id=\"9c3c50f\" data-element_type=\"widget\" data-widget_type=\"spacer.default\">\n\t\t\t\t<div class=\"elementor-widget-container\">\n\t\t\t\t\t\t\t<div class=\"elementor-spacer\">\n\t\t\t<div class=\"elementor-spacer-inner\"><\/div>\n\t\t<\/div>\n\t\t\t\t\t\t<\/div>\n\t\t\t\t<\/div>\n\t\t\t\t<div class=\"elementor-element elementor-element-f49b125 elementor-widget elementor-widget-text-editor\" data-id=\"f49b125\" data-element_type=\"widget\" data-widget_type=\"text-editor.default\">\n\t\t\t\t<div class=\"elementor-widget-container\">\n\t\t\t\t\t\t\t\t\t<h4><span style=\"color: #333333;\">Kod\u00e1ly M\u0171v\u00e9szeti Fesztiv\u00e1l plak\u00e1tok (2008-2019)<\/span><\/h4>\t\t\t\t\t\t\t\t<\/div>\n\t\t\t\t<\/div>\n\t\t\t\t<div class=\"elementor-element elementor-element-4f13e5f elementor-widget elementor-widget-text-editor\" data-id=\"4f13e5f\" data-element_type=\"widget\" data-widget_type=\"text-editor.default\">\n\t\t\t\t<div class=\"elementor-widget-container\">\n\t\t\t\t\t\t\t\t\t<div id='gallery-1' class='gallery galleryid-690 gallery-columns-4 gallery-size-full'><figure class='gallery-item'>\n\t\t\t<div class='gallery-icon portrait'>\n\t\t\t\t<a href='https:\/\/kodaly-muveszeti-fesztival.hu\/wp-content\/uploads\/2021\/07\/2019plakat.jpg'><img loading=\"lazy\" decoding=\"async\" width=\"840\" height=\"1200\" src=\"https:\/\/kodaly-muveszeti-fesztival.hu\/wp-content\/uploads\/2021\/07\/2019plakat.jpg\" class=\"attachment-full size-full\" alt=\"\" srcset=\"https:\/\/kodaly-muveszeti-fesztival.hu\/wp-content\/uploads\/2021\/07\/2019plakat.jpg 840w, https:\/\/kodaly-muveszeti-fesztival.hu\/wp-content\/uploads\/2021\/07\/2019plakat-210x300.jpg 210w, https:\/\/kodaly-muveszeti-fesztival.hu\/wp-content\/uploads\/2021\/07\/2019plakat-717x1024.jpg 717w, https:\/\/kodaly-muveszeti-fesztival.hu\/wp-content\/uploads\/2021\/07\/2019plakat-768x1097.jpg 768w\" sizes=\"(max-width: 840px) 100vw, 840px\" \/><\/a>\n\t\t\t<\/div><\/figure><figure class='gallery-item'>\n\t\t\t<div class='gallery-icon portrait'>\n\t\t\t\t<a href='https:\/\/kodaly-muveszeti-fesztival.hu\/wp-content\/uploads\/2021\/07\/2018plakat.jpg'><img loading=\"lazy\" decoding=\"async\" width=\"840\" height=\"1200\" src=\"https:\/\/kodaly-muveszeti-fesztival.hu\/wp-content\/uploads\/2021\/07\/2018plakat.jpg\" class=\"attachment-full size-full\" alt=\"\" srcset=\"https:\/\/kodaly-muveszeti-fesztival.hu\/wp-content\/uploads\/2021\/07\/2018plakat.jpg 840w, https:\/\/kodaly-muveszeti-fesztival.hu\/wp-content\/uploads\/2021\/07\/2018plakat-210x300.jpg 210w, https:\/\/kodaly-muveszeti-fesztival.hu\/wp-content\/uploads\/2021\/07\/2018plakat-717x1024.jpg 717w, https:\/\/kodaly-muveszeti-fesztival.hu\/wp-content\/uploads\/2021\/07\/2018plakat-768x1097.jpg 768w\" sizes=\"(max-width: 840px) 100vw, 840px\" \/><\/a>\n\t\t\t<\/div><\/figure><figure class='gallery-item'>\n\t\t\t<div class='gallery-icon portrait'>\n\t\t\t\t<a href='https:\/\/kodaly-muveszeti-fesztival.hu\/wp-content\/uploads\/2021\/07\/2017plakat.jpg'><img loading=\"lazy\" decoding=\"async\" width=\"856\" height=\"1200\" src=\"https:\/\/kodaly-muveszeti-fesztival.hu\/wp-content\/uploads\/2021\/07\/2017plakat.jpg\" class=\"attachment-full size-full\" alt=\"\" srcset=\"https:\/\/kodaly-muveszeti-fesztival.hu\/wp-content\/uploads\/2021\/07\/2017plakat.jpg 856w, https:\/\/kodaly-muveszeti-fesztival.hu\/wp-content\/uploads\/2021\/07\/2017plakat-214x300.jpg 214w, https:\/\/kodaly-muveszeti-fesztival.hu\/wp-content\/uploads\/2021\/07\/2017plakat-730x1024.jpg 730w, https:\/\/kodaly-muveszeti-fesztival.hu\/wp-content\/uploads\/2021\/07\/2017plakat-768x1077.jpg 768w\" sizes=\"(max-width: 856px) 100vw, 856px\" \/><\/a>\n\t\t\t<\/div><\/figure><figure class='gallery-item'>\n\t\t\t<div class='gallery-icon portrait'>\n\t\t\t\t<a href='https:\/\/kodaly-muveszeti-fesztival.hu\/wp-content\/uploads\/2021\/07\/2016-plakat.jpg'><img loading=\"lazy\" decoding=\"async\" width=\"686\" height=\"960\" src=\"https:\/\/kodaly-muveszeti-fesztival.hu\/wp-content\/uploads\/2021\/07\/2016-plakat.jpg\" class=\"attachment-full size-full\" alt=\"\" srcset=\"https:\/\/kodaly-muveszeti-fesztival.hu\/wp-content\/uploads\/2021\/07\/2016-plakat.jpg 686w, https:\/\/kodaly-muveszeti-fesztival.hu\/wp-content\/uploads\/2021\/07\/2016-plakat-214x300.jpg 214w\" sizes=\"(max-width: 686px) 100vw, 686px\" \/><\/a>\n\t\t\t<\/div><\/figure>\n\t\t<\/div>\n\n<div id='gallery-2' class='gallery galleryid-690 gallery-columns-4 gallery-size-large'><figure class='gallery-item'>\n\t\t\t<div class='gallery-icon portrait'>\n\t\t\t\t<a href='https:\/\/kodaly-muveszeti-fesztival.hu\/wp-content\/uploads\/2021\/07\/2015plaket.jpg'><img loading=\"lazy\" decoding=\"async\" width=\"717\" height=\"1024\" src=\"https:\/\/kodaly-muveszeti-fesztival.hu\/wp-content\/uploads\/2021\/07\/2015plaket-717x1024.jpg\" class=\"attachment-large size-large\" alt=\"\" srcset=\"https:\/\/kodaly-muveszeti-fesztival.hu\/wp-content\/uploads\/2021\/07\/2015plaket-717x1024.jpg 717w, https:\/\/kodaly-muveszeti-fesztival.hu\/wp-content\/uploads\/2021\/07\/2015plaket-210x300.jpg 210w, https:\/\/kodaly-muveszeti-fesztival.hu\/wp-content\/uploads\/2021\/07\/2015plaket-768x1097.jpg 768w, https:\/\/kodaly-muveszeti-fesztival.hu\/wp-content\/uploads\/2021\/07\/2015plaket.jpg 1000w\" sizes=\"(max-width: 717px) 100vw, 717px\" \/><\/a>\n\t\t\t<\/div><\/figure><figure class='gallery-item'>\n\t\t\t<div class='gallery-icon portrait'>\n\t\t\t\t<a href='https:\/\/kodaly-muveszeti-fesztival.hu\/wp-content\/uploads\/2021\/07\/2014plakat.jpg'><img loading=\"lazy\" decoding=\"async\" width=\"717\" height=\"1024\" src=\"https:\/\/kodaly-muveszeti-fesztival.hu\/wp-content\/uploads\/2021\/07\/2014plakat-717x1024.jpg\" class=\"attachment-large size-large\" alt=\"\" srcset=\"https:\/\/kodaly-muveszeti-fesztival.hu\/wp-content\/uploads\/2021\/07\/2014plakat-717x1024.jpg 717w, https:\/\/kodaly-muveszeti-fesztival.hu\/wp-content\/uploads\/2021\/07\/2014plakat-210x300.jpg 210w, https:\/\/kodaly-muveszeti-fesztival.hu\/wp-content\/uploads\/2021\/07\/2014plakat-768x1097.jpg 768w, https:\/\/kodaly-muveszeti-fesztival.hu\/wp-content\/uploads\/2021\/07\/2014plakat.jpg 1000w\" sizes=\"(max-width: 717px) 100vw, 717px\" \/><\/a>\n\t\t\t<\/div><\/figure><figure class='gallery-item'>\n\t\t\t<div class='gallery-icon portrait'>\n\t\t\t\t<a href='https:\/\/kodaly-muveszeti-fesztival.hu\/wp-content\/uploads\/2021\/07\/2013plakat.jpg'><img loading=\"lazy\" decoding=\"async\" width=\"715\" height=\"1024\" src=\"https:\/\/kodaly-muveszeti-fesztival.hu\/wp-content\/uploads\/2021\/07\/2013plakat.jpg\" class=\"attachment-large size-large\" alt=\"\" srcset=\"https:\/\/kodaly-muveszeti-fesztival.hu\/wp-content\/uploads\/2021\/07\/2013plakat.jpg 715w, https:\/\/kodaly-muveszeti-fesztival.hu\/wp-content\/uploads\/2021\/07\/2013plakat-209x300.jpg 209w\" sizes=\"(max-width: 715px) 100vw, 715px\" \/><\/a>\n\t\t\t<\/div><\/figure><figure class='gallery-item'>\n\t\t\t<div class='gallery-icon portrait'>\n\t\t\t\t<a href='https:\/\/kodaly-muveszeti-fesztival.hu\/wp-content\/uploads\/2021\/07\/2012-plakat.jpg'><img loading=\"lazy\" decoding=\"async\" width=\"717\" height=\"1024\" src=\"https:\/\/kodaly-muveszeti-fesztival.hu\/wp-content\/uploads\/2021\/07\/2012-plakat-717x1024.jpg\" class=\"attachment-large size-large\" alt=\"\" srcset=\"https:\/\/kodaly-muveszeti-fesztival.hu\/wp-content\/uploads\/2021\/07\/2012-plakat-717x1024.jpg 717w, https:\/\/kodaly-muveszeti-fesztival.hu\/wp-content\/uploads\/2021\/07\/2012-plakat-210x300.jpg 210w, https:\/\/kodaly-muveszeti-fesztival.hu\/wp-content\/uploads\/2021\/07\/2012-plakat-768x1097.jpg 768w, https:\/\/kodaly-muveszeti-fesztival.hu\/wp-content\/uploads\/2021\/07\/2012-plakat.jpg 1000w\" sizes=\"(max-width: 717px) 100vw, 717px\" \/><\/a>\n\t\t\t<\/div><\/figure>\n\t\t<\/div>\n\n<div id='gallery-3' class='gallery galleryid-690 gallery-columns-4 gallery-size-full'><figure class='gallery-item'>\n\t\t\t<div class='gallery-icon portrait'>\n\t\t\t\t<a href='https:\/\/kodaly-muveszeti-fesztival.hu\/wp-content\/uploads\/2021\/07\/2011plakat.jpg'><img loading=\"lazy\" decoding=\"async\" width=\"654\" height=\"917\" src=\"https:\/\/kodaly-muveszeti-fesztival.hu\/wp-content\/uploads\/2021\/07\/2011plakat.jpg\" class=\"attachment-full size-full\" alt=\"\" srcset=\"https:\/\/kodaly-muveszeti-fesztival.hu\/wp-content\/uploads\/2021\/07\/2011plakat.jpg 654w, https:\/\/kodaly-muveszeti-fesztival.hu\/wp-content\/uploads\/2021\/07\/2011plakat-214x300.jpg 214w\" sizes=\"(max-width: 654px) 100vw, 654px\" \/><\/a>\n\t\t\t<\/div><\/figure><figure class='gallery-item'>\n\t\t\t<div class='gallery-icon portrait'>\n\t\t\t\t<a href='https:\/\/kodaly-muveszeti-fesztival.hu\/wp-content\/uploads\/2021\/07\/2010plakat.jpg'><img loading=\"lazy\" decoding=\"async\" width=\"568\" height=\"800\" src=\"https:\/\/kodaly-muveszeti-fesztival.hu\/wp-content\/uploads\/2021\/07\/2010plakat.jpg\" class=\"attachment-full size-full\" alt=\"\" srcset=\"https:\/\/kodaly-muveszeti-fesztival.hu\/wp-content\/uploads\/2021\/07\/2010plakat.jpg 568w, https:\/\/kodaly-muveszeti-fesztival.hu\/wp-content\/uploads\/2021\/07\/2010plakat-213x300.jpg 213w\" sizes=\"(max-width: 568px) 100vw, 568px\" \/><\/a>\n\t\t\t<\/div><\/figure><figure class='gallery-item'>\n\t\t\t<div class='gallery-icon portrait'>\n\t\t\t\t<a href='https:\/\/kodaly-muveszeti-fesztival.hu\/wp-content\/uploads\/2021\/07\/2008plakat.jpg'><img loading=\"lazy\" decoding=\"async\" width=\"524\" height=\"746\" src=\"https:\/\/kodaly-muveszeti-fesztival.hu\/wp-content\/uploads\/2021\/07\/2008plakat.jpg\" class=\"attachment-full size-full\" alt=\"\" srcset=\"https:\/\/kodaly-muveszeti-fesztival.hu\/wp-content\/uploads\/2021\/07\/2008plakat.jpg 524w, https:\/\/kodaly-muveszeti-fesztival.hu\/wp-content\/uploads\/2021\/07\/2008plakat-211x300.jpg 211w\" sizes=\"(max-width: 524px) 100vw, 524px\" \/><\/a>\n\t\t\t<\/div><\/figure>\n\t\t<\/div>\n\n<p>\u00a0<\/p>\t\t\t\t\t\t\t\t<\/div>\n\t\t\t\t<\/div>\n\t\t\t\t\t<\/div>\n\t\t<\/div>\n\t\t\t\t\t<\/div>\n\t\t<\/section>\n\t\t\t\t<\/div>\n\t\t","protected":false},"excerpt":{"rendered":"<p>Az 1970-es els\u0151 Kod\u00e1ly Szemin\u00e1rium \u00f3ta minden ny\u00e1ri tanfolyammal p\u00e1rhuzamosan hangversenyeket rendeztek. A hangversenyek sora 1978-ban sorozatt\u00e1 b\u0151v\u00fclt. A hangversenysorozat 1986 \u00f3ta viseli a Fesztiv\u00e1l nevet. A Kod\u00e1ly M\u0171v\u00e9szeti Fesztiv\u00e1l keret\u00e9ben a magyar \u00e9s nemzetk\u00f6zi zenei \u00e9lvonal \u00e9s a kecskem\u00e9ti m\u0171v\u00e9szeti \u00e9let legkiv\u00e1l\u00f3bbjaival tal\u00e1lkozhatnak azok, akik maradand\u00f3 \u00e9lm\u00e9nyt ny\u00fajt\u00f3 sz\u00f3rakoz\u00e1sra v\u00e1gynak a ny\u00e1r k\u00f6zep\u00e9n. A 2019-es fesztiv\u00e1l r\u00e9szletes programja Kod\u00e1ly M\u0171v\u00e9szeti Fesztiv\u00e1l plak\u00e1tok (2008-2019) \u00a0<\/p>\n","protected":false},"author":1,"featured_media":0,"parent":0,"menu_order":0,"comment_status":"closed","ping_status":"closed","template":"","meta":{"footnotes":""},"class_list":["post-690","page","type-page","status-publish","hentry"],"_links":{"self":[{"href":"https:\/\/kodaly-muveszeti-fesztival.hu\/index.php?rest_route=\/wp\/v2\/pages\/690","targetHints":{"allow":["GET"]}}],"collection":[{"href":"https:\/\/kodaly-muveszeti-fesztival.hu\/index.php?rest_route=\/wp\/v2\/pages"}],"about":[{"href":"https:\/\/kodaly-muveszeti-fesztival.hu\/index.php?rest_route=\/wp\/v2\/types\/page"}],"author":[{"embeddable":true,"href":"https:\/\/kodaly-muveszeti-fesztival.hu\/index.php?rest_route=\/wp\/v2\/users\/1"}],"replies":[{"embeddable":true,"href":"https:\/\/kodaly-muveszeti-fesztival.hu\/index.php?rest_route=%2Fwp%2Fv2%2Fcomments&post=690"}],"version-history":[{"count":43,"href":"https:\/\/kodaly-muveszeti-fesztival.hu\/index.php?rest_route=\/wp\/v2\/pages\/690\/revisions"}],"predecessor-version":[{"id":4553,"href":"https:\/\/kodaly-muveszeti-fesztival.hu\/index.php?rest_route=\/wp\/v2\/pages\/690\/revisions\/4553"}],"wp:attachment":[{"href":"https:\/\/kodaly-muveszeti-fesztival.hu\/index.php?rest_route=%2Fwp%2Fv2%2Fmedia&parent=690"}],"curies":[{"name":"wp","href":"https:\/\/api.w.org\/{rel}","templated":true}]}}