{"id":4166,"date":"2025-07-03T12:08:06","date_gmt":"2025-07-03T12:08:06","guid":{"rendered":"https:\/\/kodaly-muveszeti-fesztival.hu\/?page_id=4166"},"modified":"2025-07-22T14:06:22","modified_gmt":"2025-07-22T14:06:22","slug":"sarik-peter-trio-x-bartok","status":"publish","type":"page","link":"https:\/\/kodaly-muveszeti-fesztival.hu\/?page_id=4166","title":{"rendered":"S\u00c1RIK P\u00c9TER TRI\u00d3 X BART\u00d3K"},"content":{"rendered":"\t\t<div data-elementor-type=\"wp-page\" data-elementor-id=\"4166\" class=\"elementor elementor-4166\">\n\t\t\t\t\t\t<section class=\"elementor-section elementor-top-section elementor-element elementor-element-b9781ad elementor-section-boxed elementor-section-height-default elementor-section-height-default\" data-id=\"b9781ad\" data-element_type=\"section\">\n\t\t\t\t\t\t<div class=\"elementor-container elementor-column-gap-default\">\n\t\t\t\t\t<div class=\"elementor-column elementor-col-100 elementor-top-column elementor-element elementor-element-3f23cb7\" data-id=\"3f23cb7\" data-element_type=\"column\">\n\t\t\t<div class=\"elementor-widget-wrap elementor-element-populated\">\n\t\t\t\t\t\t<div class=\"elementor-element elementor-element-16f7932 elementor-widget elementor-widget-spacer\" data-id=\"16f7932\" data-element_type=\"widget\" data-widget_type=\"spacer.default\">\n\t\t\t\t<div class=\"elementor-widget-container\">\n\t\t\t\t\t\t\t<div class=\"elementor-spacer\">\n\t\t\t<div class=\"elementor-spacer-inner\"><\/div>\n\t\t<\/div>\n\t\t\t\t\t\t<\/div>\n\t\t\t\t<\/div>\n\t\t\t\t<div class=\"elementor-element elementor-element-3d85976 elementor-widget elementor-widget-heading\" data-id=\"3d85976\" data-element_type=\"widget\" data-widget_type=\"heading.default\">\n\t\t\t\t<div class=\"elementor-widget-container\">\n\t\t\t\t\t<h2 class=\"elementor-heading-title elementor-size-default\">augusztus 7., cs\u00fct\u00f6rt\u00f6k 21:00\t<br>\nS\u00c1RIK P\u00c9TER TRI\u00d3 X BART\u00d3K <br>\nATMOSZF\u00c9RA KONCERT\n\n\n\n\n\n<\/h2>\t\t\t\t<\/div>\n\t\t\t\t<\/div>\n\t\t\t\t<div class=\"elementor-element elementor-element-91900e9 elementor-widget elementor-widget-spacer\" data-id=\"91900e9\" data-element_type=\"widget\" data-widget_type=\"spacer.default\">\n\t\t\t\t<div class=\"elementor-widget-container\">\n\t\t\t\t\t\t\t<div class=\"elementor-spacer\">\n\t\t\t<div class=\"elementor-spacer-inner\"><\/div>\n\t\t<\/div>\n\t\t\t\t\t\t<\/div>\n\t\t\t\t<\/div>\n\t\t\t\t\t<\/div>\n\t\t<\/div>\n\t\t\t\t\t<\/div>\n\t\t<\/section>\n\t\t\t\t<section class=\"elementor-section elementor-top-section elementor-element elementor-element-3c7c2a9 elementor-section-boxed elementor-section-height-default elementor-section-height-default\" data-id=\"3c7c2a9\" data-element_type=\"section\">\n\t\t\t\t\t\t<div class=\"elementor-container elementor-column-gap-default\">\n\t\t\t\t\t<div class=\"elementor-column elementor-col-50 elementor-top-column elementor-element elementor-element-d1bc22f\" data-id=\"d1bc22f\" data-element_type=\"column\">\n\t\t\t<div class=\"elementor-widget-wrap elementor-element-populated\">\n\t\t\t\t\t\t<div class=\"elementor-element elementor-element-12667b9 elementor-widget elementor-widget-image\" data-id=\"12667b9\" data-element_type=\"widget\" data-widget_type=\"image.default\">\n\t\t\t\t<div class=\"elementor-widget-container\">\n\t\t\t\t\t\t\t\t\t\t\t\t\t\t\t<img fetchpriority=\"high\" decoding=\"async\" width=\"960\" height=\"960\" src=\"https:\/\/kodaly-muveszeti-fesztival.hu\/wp-content\/uploads\/2025\/07\/K25_WB_1080x_1-masolata-3-1024x1024.jpg\" class=\"attachment-large size-large wp-image-4090\" alt=\"\" srcset=\"https:\/\/kodaly-muveszeti-fesztival.hu\/wp-content\/uploads\/2025\/07\/K25_WB_1080x_1-masolata-3-1024x1024.jpg 1024w, https:\/\/kodaly-muveszeti-fesztival.hu\/wp-content\/uploads\/2025\/07\/K25_WB_1080x_1-masolata-3-300x300.jpg 300w, https:\/\/kodaly-muveszeti-fesztival.hu\/wp-content\/uploads\/2025\/07\/K25_WB_1080x_1-masolata-3-150x150.jpg 150w, https:\/\/kodaly-muveszeti-fesztival.hu\/wp-content\/uploads\/2025\/07\/K25_WB_1080x_1-masolata-3-768x768.jpg 768w, https:\/\/kodaly-muveszeti-fesztival.hu\/wp-content\/uploads\/2025\/07\/K25_WB_1080x_1-masolata-3-1140x1140.jpg 1140w, https:\/\/kodaly-muveszeti-fesztival.hu\/wp-content\/uploads\/2025\/07\/K25_WB_1080x_1-masolata-3-75x75.jpg 75w, https:\/\/kodaly-muveszeti-fesztival.hu\/wp-content\/uploads\/2025\/07\/K25_WB_1080x_1-masolata-3.jpg 1440w\" sizes=\"(max-width: 960px) 100vw, 960px\" \/>\t\t\t\t\t\t\t\t\t\t\t\t\t\t\t<\/div>\n\t\t\t\t<\/div>\n\t\t\t\t\t<\/div>\n\t\t<\/div>\n\t\t\t\t<div class=\"elementor-column elementor-col-50 elementor-top-column elementor-element elementor-element-48a78d4\" data-id=\"48a78d4\" data-element_type=\"column\">\n\t\t\t<div class=\"elementor-widget-wrap elementor-element-populated\">\n\t\t\t\t\t\t<div class=\"elementor-element elementor-element-a7ac701 elementor-widget elementor-widget-text-editor\" data-id=\"a7ac701\" data-element_type=\"widget\" data-widget_type=\"text-editor.default\">\n\t\t\t\t<div class=\"elementor-widget-container\">\n\t\t\t\t\t\t\t\t\t<h5>A S\u00e1rik P\u00e9ter Tri\u00f3 2018-ban jelentette meg az els\u0151 Bart\u00f3k-feldolgoz\u00e1sokat tartalmaz\u00f3 lemez\u00e9t, melyet a Zeneakad\u00e9mia Nagyterm\u00e9ben mutattak be.<\/h5><h5>Az\u00f3ta a vil\u00e1g 15 orsz\u00e1g\u00e1ban j\u00e1tszott\u00e1k a programot, \u00f3ri\u00e1si sikereket aratva Finnorsz\u00e1gt\u00f3l Kazahszt\u00e1non \u00e1t eg\u00e9szen K\u00edn\u00e1ig.<\/h5><h5>A CD 2020-ban Fonogram-d\u00edjat kapott \u201eAz \u00e9v jazz albumak\u00e9nt\u201d, a 2022-ben megjelent koncertv\u00e1ltozat pedig 2023-ban volt jel\u00f6lt ugyanerre az elismer\u00e9sre.<\/h5><h5>Szint\u00e9n 2023-ban jelent meg az X2 Bart\u00f3k album, mely az els\u0151 lemezhez hasonl\u00f3an zongoram\u0171vek \u00e9s k\u00f3rusm\u0171vek jazzes feldolgoz\u00e1sit tartalmazza.<\/h5><h5><em>\u201cTal\u00e1n egyik zeneszerz\u0151 sem volt akkora hat\u00e1ssal a mai jazzre, mint Bart\u00f3k.<\/em><\/h5><h5><em>M\u0171veinek d\u00f6bbenetes ereje, dinamik\u00e1ja szinte els\u00f6pri a hallgat\u00f3t, zen\u00e9je csupa izgalom, misztikum, hat\u00e1rtalan m\u00e9lys\u00e9g \u00e9s tisztas\u00e1g.<\/em><\/h5><h5><em>Azzal a c\u00e9llal k\u00e9sz\u00edtett\u00fck ezt az anyagot, hogy feldolgoz\u00e1saink \u00e1ltal azokkal is megszerettess\u00fck Bart\u00f3k zen\u00e9j\u00e9t, akik eddig idegenkedtek t\u0151le.<\/em><\/h5><h5><em>Szeretettel aj\u00e1nlom a koncert\u00fcnket mind a klasszikus, mind a jazz zene rajong\u00f3inak!\u201d<\/em> <strong>S\u00e1rik P\u00e9ter<\/strong><\/h5><h5><strong>A koncert ingyenes.<\/strong><\/h5>\t\t\t\t\t\t\t\t<\/div>\n\t\t\t\t<\/div>\n\t\t\t\t\t<\/div>\n\t\t<\/div>\n\t\t\t\t\t<\/div>\n\t\t<\/section>\n\t\t\t\t<section class=\"elementor-section elementor-top-section elementor-element elementor-element-8bb9f15 elementor-section-boxed elementor-section-height-default elementor-section-height-default\" data-id=\"8bb9f15\" data-element_type=\"section\">\n\t\t\t\t\t\t<div class=\"elementor-container elementor-column-gap-default\">\n\t\t\t\t\t<div class=\"elementor-column elementor-col-100 elementor-top-column elementor-element elementor-element-211c62d\" data-id=\"211c62d\" data-element_type=\"column\">\n\t\t\t<div class=\"elementor-widget-wrap elementor-element-populated\">\n\t\t\t\t\t\t<div class=\"elementor-element elementor-element-2c096ca elementor-widget elementor-widget-spacer\" data-id=\"2c096ca\" data-element_type=\"widget\" data-widget_type=\"spacer.default\">\n\t\t\t\t<div class=\"elementor-widget-container\">\n\t\t\t\t\t\t\t<div class=\"elementor-spacer\">\n\t\t\t<div class=\"elementor-spacer-inner\"><\/div>\n\t\t<\/div>\n\t\t\t\t\t\t<\/div>\n\t\t\t\t<\/div>\n\t\t\t\t<div class=\"elementor-element elementor-element-cf9aa9d elementor-align-center elementor-widget elementor-widget-button\" data-id=\"cf9aa9d\" data-element_type=\"widget\" data-widget_type=\"button.default\">\n\t\t\t\t<div class=\"elementor-widget-container\">\n\t\t\t\t\t\t\t\t\t<div class=\"elementor-button-wrapper\">\n\t\t\t\t\t<a class=\"elementor-button elementor-button-link elementor-size-sm\" href=\"https:\/\/heyzine.com\/flip-book\/3fd03aea89.html\">\n\t\t\t\t\t\t<span class=\"elementor-button-content-wrapper\">\n\t\t\t\t\t\t\t\t\t<span class=\"elementor-button-text\">M\u0170SORF\u00dcZET LET\u00d6LT\u00c9SE<\/span>\n\t\t\t\t\t<\/span>\n\t\t\t\t\t<\/a>\n\t\t\t\t<\/div>\n\t\t\t\t\t\t\t\t<\/div>\n\t\t\t\t<\/div>\n\t\t\t\t<div class=\"elementor-element elementor-element-61aa7d0 elementor-widget elementor-widget-spacer\" data-id=\"61aa7d0\" data-element_type=\"widget\" data-widget_type=\"spacer.default\">\n\t\t\t\t<div class=\"elementor-widget-container\">\n\t\t\t\t\t\t\t<div class=\"elementor-spacer\">\n\t\t\t<div class=\"elementor-spacer-inner\"><\/div>\n\t\t<\/div>\n\t\t\t\t\t\t<\/div>\n\t\t\t\t<\/div>\n\t\t\t\t\t<\/div>\n\t\t<\/div>\n\t\t\t\t\t<\/div>\n\t\t<\/section>\n\t\t\t\t<section class=\"elementor-section elementor-top-section elementor-element elementor-element-d4a0e93 elementor-section-boxed elementor-section-height-default elementor-section-height-default\" data-id=\"d4a0e93\" data-element_type=\"section\">\n\t\t\t\t\t\t<div class=\"elementor-container elementor-column-gap-default\">\n\t\t\t\t\t<div class=\"elementor-column elementor-col-50 elementor-top-column elementor-element elementor-element-513525c\" data-id=\"513525c\" data-element_type=\"column\">\n\t\t\t<div class=\"elementor-widget-wrap elementor-element-populated\">\n\t\t\t\t\t\t<div class=\"elementor-element elementor-element-4e9be5a elementor-widget elementor-widget-text-editor\" data-id=\"4e9be5a\" data-element_type=\"widget\" data-widget_type=\"text-editor.default\">\n\t\t\t\t<div class=\"elementor-widget-container\">\n\t\t\t\t\t\t\t\t\t<h3>augusztus 7., cs\u00fct\u00f6rt\u00f6k 21:00<\/h3><h3><strong>Helysz\u00edn: <\/strong>Romkert<\/h3><h5>A koncert ingyenes.<\/h5>\t\t\t\t\t\t\t\t<\/div>\n\t\t\t\t<\/div>\n\t\t\t\t\t<\/div>\n\t\t<\/div>\n\t\t\t\t<div class=\"elementor-column elementor-col-50 elementor-top-column elementor-element elementor-element-645dd1c\" data-id=\"645dd1c\" data-element_type=\"column\">\n\t\t\t<div class=\"elementor-widget-wrap\">\n\t\t\t\t\t\t\t<\/div>\n\t\t<\/div>\n\t\t\t\t\t<\/div>\n\t\t<\/section>\n\t\t\t\t<section class=\"elementor-section elementor-top-section elementor-element elementor-element-2c7b673 elementor-section-boxed elementor-section-height-default elementor-section-height-default\" data-id=\"2c7b673\" data-element_type=\"section\">\n\t\t\t\t\t\t<div class=\"elementor-container elementor-column-gap-default\">\n\t\t\t\t\t<div class=\"elementor-column elementor-col-100 elementor-top-column elementor-element elementor-element-5804867\" data-id=\"5804867\" data-element_type=\"column\">\n\t\t\t<div class=\"elementor-widget-wrap elementor-element-populated\">\n\t\t\t\t\t\t<div class=\"elementor-element elementor-element-8a01175 elementor-widget elementor-widget-spacer\" data-id=\"8a01175\" data-element_type=\"widget\" data-widget_type=\"spacer.default\">\n\t\t\t\t<div class=\"elementor-widget-container\">\n\t\t\t\t\t\t\t<div class=\"elementor-spacer\">\n\t\t\t<div class=\"elementor-spacer-inner\"><\/div>\n\t\t<\/div>\n\t\t\t\t\t\t<\/div>\n\t\t\t\t<\/div>\n\t\t\t\t<div class=\"elementor-element elementor-element-b1ed9b8 elementor-widget elementor-widget-google_maps\" data-id=\"b1ed9b8\" data-element_type=\"widget\" data-widget_type=\"google_maps.default\">\n\t\t\t\t<div class=\"elementor-widget-container\">\n\t\t\t\t\t\t\t<div class=\"elementor-custom-embed\">\n\t\t\t<iframe loading=\"lazy\"\n\t\t\t\t\tsrc=\"https:\/\/maps.google.com\/maps?q=kecskem%C3%A9t%20bar%C3%A1tok%20temploma&#038;t=m&#038;z=17&#038;output=embed&#038;iwloc=near\"\n\t\t\t\t\ttitle=\"kecskem\u00e9t bar\u00e1tok temploma\"\n\t\t\t\t\taria-label=\"kecskem\u00e9t bar\u00e1tok temploma\"\n\t\t\t><\/iframe>\n\t\t<\/div>\n\t\t\t\t\t\t<\/div>\n\t\t\t\t<\/div>\n\t\t\t\t\t<\/div>\n\t\t<\/div>\n\t\t\t\t\t<\/div>\n\t\t<\/section>\n\t\t\t\t<\/div>\n\t\t","protected":false},"excerpt":{"rendered":"<p>augusztus 7., cs\u00fct\u00f6rt\u00f6k 21:00 S\u00c1RIK P\u00c9TER TRI\u00d3 X BART\u00d3K ATMOSZF\u00c9RA KONCERT A S\u00e1rik P\u00e9ter Tri\u00f3 2018-ban jelentette meg az els\u0151 Bart\u00f3k-feldolgoz\u00e1sokat tartalmaz\u00f3 lemez\u00e9t, melyet a Zeneakad\u00e9mia Nagyterm\u00e9ben mutattak be. Az\u00f3ta a vil\u00e1g 15 orsz\u00e1g\u00e1ban j\u00e1tszott\u00e1k a programot, \u00f3ri\u00e1si sikereket aratva Finnorsz\u00e1gt\u00f3l Kazahszt\u00e1non \u00e1t eg\u00e9szen K\u00edn\u00e1ig. A CD 2020-ban Fonogram-d\u00edjat kapott \u201eAz \u00e9v jazz albumak\u00e9nt\u201d, a 2022-ben megjelent koncertv\u00e1ltozat pedig 2023-ban volt jel\u00f6lt ugyanerre az elismer\u00e9sre. Szint\u00e9n 2023-ban jelent meg az X2 Bart\u00f3k album, mely az els\u0151 lemezhez hasonl\u00f3an zongoram\u0171vek \u00e9s k\u00f3rusm\u0171vek jazzes feldolgoz\u00e1sit tartalmazza. \u201cTal\u00e1n egyik zeneszerz\u0151 sem volt akkora hat\u00e1ssal a mai jazzre, mint Bart\u00f3k. M\u0171veinek d\u00f6bbenetes ereje, dinamik\u00e1ja szinte els\u00f6pri a hallgat\u00f3t, zen\u00e9je csupa izgalom, misztikum, hat\u00e1rtalan m\u00e9lys\u00e9g \u00e9s tisztas\u00e1g. Azzal a c\u00e9llal k\u00e9sz\u00edtett\u00fck ezt az anyagot, hogy feldolgoz\u00e1saink \u00e1ltal azokkal is megszerettess\u00fck Bart\u00f3k zen\u00e9j\u00e9t, akik eddig idegenkedtek t\u0151le. Szeretettel aj\u00e1nlom a koncert\u00fcnket mind a klasszikus, mind a jazz zene rajong\u00f3inak!\u201d S\u00e1rik P\u00e9ter A koncert ingyenes. M\u0170SORF\u00dcZET LET\u00d6LT\u00c9SE augusztus 7., cs\u00fct\u00f6rt\u00f6k 21:00 Helysz\u00edn: Romkert A koncert ingyenes.<\/p>\n","protected":false},"author":1,"featured_media":0,"parent":0,"menu_order":0,"comment_status":"closed","ping_status":"closed","template":"","meta":{"footnotes":""},"class_list":["post-4166","page","type-page","status-publish","hentry"],"_links":{"self":[{"href":"https:\/\/kodaly-muveszeti-fesztival.hu\/index.php?rest_route=\/wp\/v2\/pages\/4166","targetHints":{"allow":["GET"]}}],"collection":[{"href":"https:\/\/kodaly-muveszeti-fesztival.hu\/index.php?rest_route=\/wp\/v2\/pages"}],"about":[{"href":"https:\/\/kodaly-muveszeti-fesztival.hu\/index.php?rest_route=\/wp\/v2\/types\/page"}],"author":[{"embeddable":true,"href":"https:\/\/kodaly-muveszeti-fesztival.hu\/index.php?rest_route=\/wp\/v2\/users\/1"}],"replies":[{"embeddable":true,"href":"https:\/\/kodaly-muveszeti-fesztival.hu\/index.php?rest_route=%2Fwp%2Fv2%2Fcomments&post=4166"}],"version-history":[{"count":10,"href":"https:\/\/kodaly-muveszeti-fesztival.hu\/index.php?rest_route=\/wp\/v2\/pages\/4166\/revisions"}],"predecessor-version":[{"id":4470,"href":"https:\/\/kodaly-muveszeti-fesztival.hu\/index.php?rest_route=\/wp\/v2\/pages\/4166\/revisions\/4470"}],"wp:attachment":[{"href":"https:\/\/kodaly-muveszeti-fesztival.hu\/index.php?rest_route=%2Fwp%2Fv2%2Fmedia&parent=4166"}],"curies":[{"name":"wp","href":"https:\/\/api.w.org\/{rel}","templated":true}]}}